e remainder when 0 + 2 + (t - -7) is divided by 6?
5
Suppose -3*z - 10*k = -12*k - 77, -121 = -5*z - 4*k. What is the remainder when 1249 is divided by z?
24
Let b(s) = s**3 - 8*s**2 + 21*s - 18. What is the remainder when b(6) is divided by 6?
0
Let h(y) = -y**2 + 9*y - 9. Let s = -365 + 383. What is the remainder when s is divided by h(7)?
3
Suppose -k + 3*t - 1 = 4, 0 = -k + 4*t - 7. What is the remainder when -5 + 7 - (k - 2*26) is divided by 19?
15
Let u(k) = k + 17. Let w(y) = y**2 + 15*y - 8. Suppose 3*v = 4*t + 69, -v = 3*t - 3*v + 51. Let r be w(t). What is the remainder when 17 is divided by u(r)?
8
Suppose -2*u - 4*u - 90 = 0. Let c = 13 - u. What is the remainder when c is divided by 15?
13
Suppose -100*t = -96*t - 8. Suppose -2*z = -2*l + 36, 5*l + t*z - 40 - 15 = 0. Calculate the remainder when l is divided by 6.
1
Suppose 35*p = 31*p. Let w(g) = -g**3 + 2*g + 22. Calculate the remainder when w(p) is divided by 13.
9
Suppose 0 = -i - 2*x + 75, 32 = -5*i - x + 452. Suppose -a + 0*a - 4*v + 13 = 0, -3*v - 12 = 0. What is the remainder when i is divided by a?
27
Let m be (2/2)/((-3)/(-9)). Suppose 0 = -2*v + 3*o + 439 - 135, 4*v + m*o = 590. What is the remainder when v is divided by 38?
35
Let r be (-51)/(-15) - 3/(-5). Let a(c) = -14*c + 12. Let z(b) = -b. Let j(t) = -a(t) + 3*z(t). What is the remainder when j(r) is divided by 9?
5
Suppose -4*b + 5*b = 2*q + 8, -4 = q + 5*b. What is the remainder when 64 is divided by (3/3)/(q*(-5)/120)?
4
Suppose 0 = -4*f + 5*m + 33, -5*f - 2*m = m - 32. Calculate the remainder when 68 is divided by f.
5
What is the remainder when 249/(-332) - (-51)/4 is divided by 5?
2
Let f(l) = 3*l**2 + l**2 + 9 + 0*l**2 - 2*l**2 + 4*l. Let h be f(-3). What is the remainder when 59 is divided by 100/h*(-9)/(-2)?
29
Let n(w) = w**3 + 8*w**2 + 5*w + 4. Let l be n(-3). Suppose -5*x = -0 - 20. Let d = l + x. Calculate the remainder when d is divided by 10.
8
Suppose 0 = -3*l + 2*k + 32, -2*l + 17 = 8*k - 5*k. Suppose 52 = -6*r + l*r. What is the remainder when r is divided by 5?
3
Let k = 1491 - 1466. Calculate the remainder when k is divided by 19.
6
Let v = 265 + -256. Calculate the remainder when 377 is divided by v.
8
Suppose -2*b + 59 = -q - 0*q, -3*q = 15. Suppose -z - 614 = -694. What is the remainder when z is divided by b?
26
Suppose 37*y + 171 = 42*y - 2*n, -y + n = -39. Suppose f = -4*f + 230. Calculate the remainder when y is divided by 2/6 - f/(-6).
7
Suppose -w + 101 = 4*n, 2*w + 8*n - 13*n - 228 = 0. Calculate the remainder when 313 is divided by w.
95
Let q = 1692 + -1674. What is the remainder when q is divided by (-1 + (-9)/(-6))*22?
7
Suppose 114 = 4*u - 134. Suppose 9*v - 7*v = u. Suppose h + 1 = 0, n - 40 = 4*h + v. Calculate the remainder when n is divided by 34.
33
Suppose -58*c - 3680 = -30302. What is the remainder when c is divided by 77?
74
Let k(u) = u**2 - 16*u - 27. What is the remainder when 56 is divided by k(19)?
26
Calculate the remainder when 57 is divided by (-1432)/(-64) - 21/56.
13
What is the remainder when 103 is divided by 2 + (4 - -15 - 4)?
1
Let n = -10 - -15. Suppose 5 = -3*w + 11. Calculate the remainder when (-3)/(-6)*(w - -34) is divided by n.
3
Suppose 4*f = 2*i + 4, 2*i + f = i - 8. Let b = 9 + 7. What is the remainder when 3 is divided by (9/(-12))/(i/b)?
1
Let w = -7 - -7. Suppose v + v - 14 = w. Suppose 3*b + 15 = 3*q, -v - 18 = -q - 3*b. What is the remainder when 39 is divided by q?
9
Suppose 108*g + 963 = 117*g. Calculate the remainder when g is divided by 55.
52
Suppose -11*l + 10*l + 3*j = 0, -56 = -3*l - 5*j. What is the remainder when 46 is divided by l?
10
Let z(f) = -8*f - 6*f + f**3 - 29 - 21*f**2 - 13*f + 7*f. Let l(g) = 27*g**2 + g + 1. What is the remainder when l(-1) is divided by z(22)?
12
Let y = 13 + -9. Let t(h) = h**3 - 2*h**2 - h - 1. What is the remainder when 79 is divided by t(y)?
25
Let v(m) = -m**3 - 17*m**2 + 2*m + 21. Let i be v(-17). Let c(d) = d**3 + 12*d**2 - 16*d - 17. What is the remainder when c(i) is divided by 5?
2
Suppose 10*a - 11*a + 1082 = 2*c, -5*c + 5*a + 2675 = 0. What is the remainder when c is divided by 24?
11
Suppose 87 + 242 = 7*f. Calculate the remainder when 220 is divided by f.
32
Let x = 662 - 605. Calculate the remainder when 66 is divided by x.
9
Let d = -6 - 19. Let s = d + 9. Calculate the remainder when 59 is divided by 24 - 3/((-12)/s).
19
Suppose -3*r - 5 + 37 = a, -5*a = r - 132. Suppose -2*z + 12*z = -180. What is the remainder when a is divided by (z/(-4))/((-2)/(-4))?
8
Calculate the remainder when (-21575)/(-175) + 2/(-7) is divided by 25.
23
Suppose -4*d + 2*z + 94 = 0, 0 = -4*d - 5*z + 140 - 25. Let l be (-2)/(-3)*(-9)/(-2). Suppose -28 = -l*m - 1. Calculate the remainder when d is divided by m.
7
Let v = -30 + 33. Suppose -w + 4*l + 28 = 0, 0 = -v*w - w + 5*l + 112. Calculate the remainder when 53 is divided by w.
25
Let v = 10 - 5. Let m(w) be the third derivative of w**6/120 + 7*w**5/60 - 5*w**4/12 + w**3/2 + 17*w**2. Calculate the remainder when m(-8) is divided by v.
4
Let t(n) = -n**2 + 27*n + 7. Calculate the remainder when 111 is divided by t(27).
6
What is the remainder when 533 is divided by (-6 - 1)*6/(-7)?
5
Let q be (1/((-10)/(-4)))/((-14)/(-350)). Calculate the remainder when (-12)/(8/(-6)*3/q) is divided by 11.
8
Suppose -2*b = -5*i - 132, 2*b + 134 = -5*i + 6*b. Suppose 27*x = 21*x + 276. Let l = x + i. Calculate the remainder when 78 is divided by l.
18
Suppose -6*t = -2*t - 1904. Suppose 5*f + 2*f = t. What is the remainder when f is divided by 10?
8
Suppose -12*k + 12674 = 1910. Calculate the remainder when k is divided by 50.
47
Calculate the remainder when 171 is divided by (-3 - -70) + 135/(-15).
55
Suppose 4*q + 3*s - 78 = 127, -110 = -2*q - 4*s. What is the remainder when 4*46/2 + 4 is divided by q?
47
Suppose -74 = -q - 3. What is the remainder when q is divided by 8?
7
Let u = 363 - -25. Suppose 4*k - 4 = u. What is the remainder when k is divided by -10*((-2)/4 + -2)?
23
Suppose 64 = 3*i + i. Let u be 872/((-1)/(-1)) + (-16)/8. Calculate the remainder when -4*(u/(-56) - 2/(-7)) is divided by i.
13
Let q = -22 + 23. Calculate the remainder when (-136)/(-2)*q/1 is divided by 23.
22
Suppose -50*q - 2327 = -63*q. Calculate the remainder when q is divided by 64.
51
Let s = -19 + 27. Suppose -42 = 2*u - 66. Calculate the remainder when u is divided by s.
4
Suppose l = 6*l - 190. Suppose 6*d - 8 = 2*d. Let p(s) = 6*s + 2. What is the remainder when l is divided by p(d)?
10
Let r = -128 + 147. What is the remainder when r is divided by 8?
3
Suppose 6 = 11*o - 8*o. Calculate the remainder when ((-48)/5)/((-3)/45*o) is divided by 19.
15
Suppose -16*p - 57 = -19*p. Calculate the remainder when 75 is divided by p.
18
Suppose 4*t = t - 2*r + 13, 4*r = -4. Suppose 84 = -t*l + 289. Suppose 0 = -5*p + l + 29. What is the remainder when 41 is divided by p?
13
Let c be (-78)/(-18) - (10/3 + -3). What is the remainder when (5010/45)/(c/6) is divided by 14?
13
Suppose 5*n = 3*n + 30. Suppose -2*k + 3 = -5*c + 18, -3*c + n = 0. Suppose 106 = h - 5*r, 3*h - 335 = 3*r - k*r. What is the remainder when h is divided by 28?
27
Suppose 2*v - 52 = 40. Suppose 7*b - 18 - 3 = 0. Suppose -6 = -b*a + 30. What is the remainder when v is divided by a?
10
Let l be (22/5)/(4/20). Suppose x - l = -2*o, x + 3*x = -3*o + 43. Suppose a + 7 = o. Calculate the remainder when a is divided by 1.
0
Let t(k) be the first derivative of -k**2/2 - k + 6. Let h be t(-6). Suppose -h*l - 8 = -23. Calculate the remainder when l is divided by 3.
0
Suppose 2*z - 30 = -2*x, -3*x = -x - 2*z - 26. Let k be (255/(-20))/((-2)/8)*1. Let u = 2 + k. Calculate the remainder when u is divided by x.
11
Suppose 0 = 29*u - 14*u - 6090. What is the remainder when u is divided by 83?
74
Suppose -w - 24 = -5*w + 2*a, -4*w = 4*a. Suppose -2*f + 2*t + 10 = 0, w*f = 6*f - t - 8. What is the remainder when f is divided by 2?
1
Suppose 5*h + 8 = -7. Calculate the remainder when h/1 + (-32)/(-8) is divided by 1.
0
Let b be 6/(-12) - (339/2)/(-3). Suppose 2*c = -5*c + b. Suppose 2*f - 3*z + 18 - 83 = 0, 4*f = -z + 123. What is the remainder when f is divided by c?
7
Suppose 180 = 2*j + j + 2*l, -5*l + 131 = 2*j. Calculate the remainder when j 